{"version":"1.0","provider_name":"\u00c9vi m\u0171helye","provider_url":"https:\/\/bardoczeva.cafeblog.hu","author_name":"Hossz\u00fa-Bard\u00f3cz \u00c9va","author_url":"https:\/\/bardoczeva.cafeblog.hu\/author\/byme-bardocz-eva\/","title":"Kedvenc.","html":"Nem nagyon t\u00f6lt\u00f6k fel nem saj\u00e1t k\u00e9pet ebbe a blogba, de most musz\u00e1j, mert be szeretn\u00e9m tenni a Pinterest albumomba, \u00e9s nem volt r\u00e1 m\u00e1s m\u00f3dom:)<br><br><div><a href=\"http:\/\/3.bp.blogspot.com\/-Sq1wzEyhkEE\/UPQGTYdt3zI\/AAAAAAAAGt4\/ZeuRLWPdMdk\/s1600\/kopott+fotel+MCI94.JPG\"><img border=\"0\" height=\"640\" src=\"https:\/\/bardoczeva.cafeblog.hu\/files\/2013\/01\/kopott-fotel-MCI94.jpg\" width=\"364\"><\/a><\/div><br>Sz\u00f3val ezt bocs\u00e1ss\u00e1tok meg nekem, a forr\u00e1s a Marie Claire Idees 2013 jan-febr.-i sz\u00e1ma.<br>Ebben a k\u00e9pben minden benne van, amit annyira szeretek, a kopott fa, a szakadt v\u00e1szon, a nyers fel\u00fclet...valakinek tal\u00e1n t\u00fal kop\u00e1r, t\u00fal indusztri\u00e1lis, nekem egyszer\u0171en ez maga a t\u00f6k\u00e9ly....","type":"rich"}

Évi műhelye

Hosszú-Bardócz Éva

Nem nagyon töltök fel nem saját képet ebbe a blogba, de most muszáj, mert be szeretném tenni a Pinterest albumomba, és nem volt rá más módom:)<br><br><div><a href="http://3.bp.blogspot.com/-Sq1wzEyhkEE/UPQGTYdt3zI/AAAAAAAAGt4/ZeuRLWPdMdk/s1600/kopott+fotel+MCI94.JPG"><img border="0" height="640" src="https://bardoczeva.cafeblog.hu/files/2013/01/kopott-fotel-MCI94.jpg" width="364"></a></div><br>Szóval ezt bocsássátok meg nekem, a forrás a Marie Claire Idees 2013 jan-febr.-i száma.<br>Ebben a képben minden benne van, amit annyira szeretek, a kopott fa, a szakadt vászon, a nyers felület...valakinek talán túl kopár, túl indusztriális, nekem egyszerűen ez maga a tökély....
